isor of 119 and 161.
7
What is the greatest common divisor of 177 and 413?
59
Calculate the highest common divisor of 756 and 441.
63
Calculate the highest common divisor of 15 and 105.
15
What is the highest common divisor of 161 and 14?
7
Calculate the highest common divisor of 1029 and 42.
21
Calculate the greatest common divisor of 52 and 169.
13
What is the greatest common divisor of 615 and 105?
15
Calculate the highest common divisor of 23 and 3703.
23
Calculate the greatest common divisor of 416 and 39.
13
Calculate the highest common factor of 72 and 90.
18
Calculate the highest common factor of 235 and 1081.
47
Calculate the greatest common factor of 120 and 1740.
60
Calculate the greatest common divisor of 1079 and 182.
13
Calculate the greatest common factor of 21 and 4431.
21
What is the greatest common factor of 901 and 340?
17
Calculate the greatest common factor of 290 and 609.
29
Calculate the greatest common divisor of 89 and 30527.
89
Calculate the highest common divisor of 113 and 135374.
113
Calculate the highest common divisor of 561 and 1020.
51
What is the greatest common factor of 10 and 15?
5
Calculate the greatest common factor of 299 and 69.
23
What is the greatest common factor of 5 and 15?
5
Calculate the greatest common factor of 8470 and 1232.
154
Calculate the highest common factor of 459 and 2397.
51
What is the highest common divisor of 207 and 36?
9
Calculate the highest common divisor of 9 and 36.
9
Calculate the greatest common divisor of 98 and 126.
14
What is the greatest common divisor of 14 and 182?
14
Calculate the highest common divisor of 66 and 814.
22
What is the greatest common factor of 63 and 189?
63
Calculate the greatest common factor of 92 and 161.
23
Calculate the highest common factor of 1066 and 52.
26
What is the highest common divisor of 1088 and 640?
64
Calculate the greatest common factor of 1 and 449.
1
What is the highest common factor of 32 and 1360?
16
What is the greatest common factor of 240 and 648?
24
What is the highest common divisor of 55 and 3421?
11
Calculate the greatest common factor of 1185 and 15.
15
Calculate the greatest common divisor of 36416 and 8.
8
Calculate the greatest common factor of 19616 and 96.
32
What is the greatest common factor of 70 and 30?
10
Calculate the highest common divisor of 10 and 216.
2
What is the greatest common factor of 48 and 120?
24
What is the greatest common factor of 14484 and 568?
284
Calculate the highest common factor of 18 and 3114.
18
Calculate the highest common divisor of 161 and 23.
23
What is the highest common factor of 269 and 4?
1
What is the greatest common factor of 240 and 42?
6
Calculate the greatest common factor of 74 and 37.
37
Calculate the highest common factor of 2013 and 66.
33
Calculate the highest common factor of 667 and 92.
23
What is the highest common factor of 96 and 72?
24
What is the greatest common factor of 24 and 3396?
12
What is the greatest common factor of 12 and 1464?
12
Calculate the highest common factor of 5180 and 2240.
140
What is the highest common factor of 19 and 8227?
19
What is the greatest common factor of 49 and 2?
1
Calculate the highest common divisor of 1495 and 195.
65
What is the highest common factor of 855 and 90?
45
Calculate the highest common divisor of 4158 and 77.
77
What is the highest common divisor of 366 and 42?
6
Calculate the highest common factor of 1910 and 10.
10
What is the highest common factor of 13 and 61854?
13
Calculate the greatest common factor of 16 and 656.
16
Calculate the greatest common divisor of 13706 and 308.
154
Calculate the greatest common divisor of 11 and 473.
11
What is the greatest common divisor of 1425 and 741?
57
Calculate the greatest common divisor of 11554 and 424.
106
Calculate the highest common divisor of 17 and 1411.
17
What is the highest common divisor of 76 and 12?
4
What is the highest common divisor of 7524 and 9?
9
Calculate the highest common factor of 52 and 4.
4
Calculate the highest common factor of 67 and 201.
67
What is the greatest common divisor of 115 and 15?
5
Calculate the highest common divisor of 192 and 16832.
64
What is the greatest common factor of 2465 and 5?
5
Calculate the greatest common factor of 664 and 56.
8
What is the greatest common divisor of 42 and 1533?
21
What is the greatest common factor of 200 and 1450?
50
What is the greatest common factor of 49 and 196?
49
Calculate the highest common factor of 108 and 81.
27
What is the greatest common divisor of 135 and 20?
5
What is the greatest common factor of 289 and 68?
17
Calculate the greatest common factor of 120 and 290.
10
What is the greatest common divisor of 53 and 24221?
53
What is the greatest common divisor of 198 and 8096?
22
What is the highest common factor of 737 and 11?
11
Calculate the highest common factor of 182 and 1526.
14
Calculate the highest common divisor of 180 and 255.
15
Calculate the greatest common divisor of 432 and 96.
48
Calculate the greatest common factor of 108 and 48.
12
What is the highest common divisor of 28 and 9366?
14
Calculate the highest common factor of 973 and 98.
7
Calculate the highest common divisor of 207 and 18.
9
Calculate the highest common factor of 46 and 8004.
46
What is the greatest common divisor of 86 and 9890?
86
What is the greatest common factor of 8 and 34?
2
Calculate the highest common factor of 1296 and 378.
54
What is the highest common divisor of 2691 and 819?
117
Calculate the greatest common factor of 24 and 84.
12
What is the greatest common divisor of 156 and 300?
12
What is the greatest common divisor of 714 and 2023?
119
What is the highest common factor of 217 and 66619?
217
What is the greatest common factor of 13 and 624?
13
Calculate the highest common divisor of 150 and 3.
3
What is the greatest common divisor of 330 and 300?
30
What is the highest common divisor of 150 and 20850?
150
Calculate the greatest common factor of 297 and 243.
27
What is the greatest common divisor of 742 and 5512?
106
What is the greatest common factor of 36 and 1179?
9
What is the greatest common factor of 1230 and 60?
30
What is the highest common factor of 520 and 40?
40
What is the greatest common divisor of 928 and 2900?
116
Calculate the greatest common divisor of 544 and 102.
34
What is the greatest common divisor of 1496 and 416?
8
Calculate the greatest common factor of 1577 and 83.
83
What is the highest common divisor of 132 and 462?
66
Calculate the greatest common factor of 588 and 168.
84
What is the greatest common factor of 165 and 5?
5
Calculate the highest common factor of 4 and 364.
4
What is the greatest common factor of 2384 and 3427?
149
Calculate the highest common factor of 5 and 80.
5
Calculate the highest common factor of 113 and 22261.
113
What is the greatest common divisor of 44 and 320?
4
Calculate the highest common divisor of 325 and 13.
13
What is the highest common factor of 234 and 4290?
78
Calculate the highest common divisor of 14 and 567.
7
What is the highest common factor of 159 and 2491?
53
Calculate the greatest common factor of 726 and 198.
66
What is the highest common factor of 2117 and 29?
29
What is the highest common factor of 3 and 3153?
3
Calculate the highest common factor of 200 and 32.
8
Calculate the highest common divisor of 60 and 2220.
60
Calculate the highest common divisor of 371 and 77.
7
Calculate the greatest common factor of 2817 and 36.
9
What is the highest common factor of 1666 and 34?
34
Calculate the greatest common factor of 24610 and 138.
46
What is the greatest common divisor of 24 and 888?
24
What is the greatest common divisor of 8 and 1544?
8
Calculate the greatest common divisor of 22 and 2618.
22
What is the highest common factor of 6867 and 21?
21
What is the highest common divisor of 45 and 825?
15
Calculate the greatest common factor of 64 and 72.
8
What is the greatest common divisor of 255 and 5220?
15
Calculate the highest common divisor of 3808 and 112.
112
Calculate the greatest common divisor of 16058 and 42.
14
What is the highest common factor of 80 and 350?
10
What is the greatest common factor of 651 and 279?
93
Calculate the greatest common divisor of 161 and 14329.
161
What is the highest common f